. Calculate k(m).
0
Suppose -2*q - 16 = -4*q. Let y(d) = -d**2 + 9*d - 2. Calculate y(q).
6
Suppose -q + 6*l = 4*l + 5, -q = 4*l - 19. Let v(p) = -p**2 + 2*p + 2. What is v(q)?
-1
Let a(u) be the first derivative of u**2/2 + 1. Suppose -3*o - 2*f = -5 - 6, -4*o + 5*f = 16. Determine a(o).
1
Let t = -2 - -4. Suppose t*g - 3*x = -4*x + 5, 3*g - 5*x = 1. Let f be (1 - g - 1)*-1. Let m(u) = 2*u - 2. What is m(f)?
2
Suppose -3*n - 8 = -7*n. Let i(s) = s + 2. Determine i(n).
4
Let c = 3 + -2. Let d(i) = i**3 + i**2 - i + 1. Let a(f) = 4*f**3 + f**2 - 2*f + 2. Let o(j) = a(j) - 3*d(j). Give o(c).
-1
Suppose 3*b + 0*b = -3. Let r = b + 2. Let f(t) = 9*t**2 + 4*t + 3. Let p(g) = 18*g**2 + 9*g + 7. Let j(n) = -7*f(n) + 3*p(n). Determine j(r).
-10
Let d(r) = 5 + 7 + r - 9 - 4*r. Give d(6).
-15
Suppose 4*p + 0*p = 2*t + 22, 4*p - 1 = -5*t. Let o(m) = 2*m + 0 - m**3 - 4*m + p*m**2 + 0*m**3 + 5. Calculate o(4).
-3
Let s(o) be the third derivative of o**4/24 + o**3/6 - 4*o**2. Let m be ((-6)/(-4))/(3/30). Suppose 4*b = 2*d - 18, -5*d + 5*b = m - 50. Calculate s(d).
6
Let v = 15 + -11. Let f(u) = -u**3 + 6*u**2 + 10*u - 7. Let x(k) = -2*k**3 + 13*k**2 + 21*k - 15. Let t(w) = -9*f(w) + 4*x(w). Determine t(v).
11
Suppose 5*q = -2*a + 8, -q - 4 = -2*q - a. Let z(c) = -2*c**2 - 3*c + 1. Let n(l) = l**2 + l - 1. Let b(o) = -3*n(o) - z(o). Calculate b(q).
2
Let w(g) = g**2 + 4*g + 2. Let s be ((-9)/(-12))/(2/(-8)). Give w(s).
-1
Let j(z) = z**3 - z**2 - z - 1. Suppose 0 = 2*c - 5*c. Let n = 2 + c. Calculate j(n).
1
Let m be (3 - 0)*2/3. Suppose 2 = m*v - 2. Let s = v - -3. Let f(w) = w**2 - 4*w - 2. Calculate f(s).
3
Let i(z) = 4*z**2 + 2*z. Let b(g) = 5*g**2 + 3*g. Let a(h) = -3*b(h) + 4*i(h). Let o = 1 - -1. Let x = o - 1. What is a(x)?
0
Suppose 0 = -3*k + 2*m, m - 7 - 4 = -4*k. Let a(f) = 34*f**2 - 2 + 2 + f - f**3 - 37*f**k. Let j(c) = c**2 + 7*c + 4. Let r be j(-6). Give a(r).
-6
Let m(o) = 5*o**3 + 4*o**2 - 5*o + 15. Let k(t) = -9*t**3 - 7*t**2 + 9*t - 31. Let s(c) = 4*k(c) + 7*m(c). Give s(0).
-19
Suppose -5*f - 12 + 7 = 0. Let a(u) = 6*u**2 - 2*u - 1. What is a(f)?
7
Let f(w) = 1. Let o(z) = z**3 - 7*z**2 + 6*z + 1. Let a(y) = -2*f(y) - o(y). Calculate a(6).
-3
Let s(y) = -8*y - 3. Let a be s(3). Let b be ((-45)/a)/(1/(-3)). Let q(f) be the first derivative of -f**3/3 - 2*f**2 + f - 1. Calculate q(b).
-4
Let g(v) be the second derivative of v**5/20 + 7*v**4/12 + 5*v**3/6 - v**2 + 7*v. Suppose -2*y - 13 - 1 = 3*f, 5*f + 2*y + 26 = 0. Determine g(f).
4
Let w(k) be the first derivative of k**5/20 + k**4/12 - 2*k**3/3 + k + 2. Let a(f) be the first derivative of w(f). Let g = 2 - 5. Give a(g).
-6
Let l(p) = 2*p. Let u(q) = q**2. Let b be u(2). Determine l(b).
8
Let h(d) = -d**3 - 5*d**2 - 6*d - 1. Suppose 51 = 4*o - o. Suppose 5*z = -3 - o. Calculate h(z).
7
Let v(p) = 5*p**3 - p**2 + 8*p - 9. Let o(d) = d**3 + d**2 - 1. Let r(g) = -6*o(g) + v(g). Calculate r(-8).
-3
Let o(m) = -m - 1. Suppose 2*p + 4*n = 7*p - 19, -5*n - 20 = -5*p. Determine o(p).
-4
Let w(s) = s. Suppose 0 = n + 5*n - 12. Determine w(n).
2
Let p(f) = -2*f + 3. Suppose 20 = 3*i - 5*w, 5*w + 10 = 2*i - 10. Suppose i = -c + 5*d - 10, 2*c + 4*d = 19 + 3. Determine p(c).
-7
Let b(t) = t**3 - 1. Let o be b(1). Let w(g) be the third derivative of 0*g + 0 - 1/60*g**5 + 4*g**2 + 1/24*g**4 - 7/6*g**3. Determine w(o).
-7
Let s(r) = r. Let d(y) = -y**2 - y - 5. Let p(w) = d(w) - 2*s(w). Let f be 2*(2 - 3 - 1). Calculate p(f).
-9
Let u = 67 + -65. Suppose -4*n = -3*c + 7, 0*n - 25 = -5*n - 3*c. Let f(b) = -n*b**2 - 4*b + 2*b + 1 + b**2. Give f(u).
-7
Let g(u) = -4*u - 11. Let j(k) = -k. Let r(n) = g(n) - 5*j(n). Determine r(0).
-11
Let s be 0/((-9)/(27/(-6))). Let c(x) = x - 2*x + 2*x + s*x - 3. Give c(5).
2
Let g(f) = f**2 - 5*f - 4. Let a be g(6). Suppose -5*d + 2*w + a = -11, -w = 4*d. Let s(o) = -d + 2*o + 4*o - 4*o. Determine s(-3).
-7
Let i(r) = -5*r + 1. Let n be 6*4/(-16)*(-2)/1. Calculate i(n).
-14
Let j(u) = -u + 1. Let g = -33 + 35. What is j(g)?
-1
Let o = 12 - 7. Let w be 2/8 - (-30)/8. Let y(r) = -r - w + 6*r - 3*r. Give y(o).
6
Let a(t) be the first derivative of t**4/4 + t**3/3 - 2*t**2 + t + 5. Let v(c) = 2*c**3 + 2*c**2 - 7*c + 3. Let n(f) = -5*a(f) + 3*v(f). What is n(0)?
4
Let w be (-1)/(-3) + 2/(-6). Let i(r) = r**2 + 0*r + 2*r - 5 - r. Determine i(w).
-5
Let s(t) = -2*t**3 + 5*t**2 - 2*t + 7. Let m(w) = w**3 - 3*w**2 + w - 4. Let f(y) = 5*m(y) + 3*s(y). Suppose -u - 3 = -3*n, -4*u = -2*n + n + 1. Give f(n).
-1
Let r be -2*1/(4/6). Let m be ((-10)/(-4))/(2/(-4)). Let t = r - m. Let k(b) = -b**3 - 2*b**2 + 2*b + 2. Give k(t).
-10
Let w(o) = -3*o**3 + 3*o**2 - 2*o - 4. Let q(y) = -y**3 - y**2 - y. Let c(n) = -2*q(n) + w(n). Determine c(4).
12
Let i(w) be the first derivative of w**5/60 - w**4/6 + 2*w**3/3 - 2. Let b(r) be the third derivative of i(r). Let t be ((-3)/(-4))/(2/8). Calculate b(t).
2
Let l(s) = -s**3 - 5*s**2 + 6. Let c be l(-5). Suppose c*i - 4 = 7*i. Let g(v) = -v**2 - 6*v - 3. What is g(i)?
5
Let o(l) = -5*l**3 - l**2 - 7*l + 7. Let h(j) = j**3 + j**2 + j - 1. Let f(r) = -4*h(r) - o(r). Determine f(2).
-1
Let a(m) = m**3 + 8*m**2 + 8*m + 3. Let x be a(-7). Let t = x - -5. Let h(o) = 6*o**2 - 1. What is h(t)?
5
Let j = -13 + 7. Let u(b) be the first derivative of -b**2/2 - 3*b - 4. Calculate u(j).
3
Let i = 10 - 14. Suppose 0 = t - n - 4, 0 = 4*n - 17 - 3. Let g(r) = -3*r - 3. Let b(c) = -7*c - 7. Let m(j) = i*b(j) + t*g(j). Determine m(4).
5
Let r(b) = -3*b - 7. Let y(u) = -3*u - 6. Let n(m) = 3*r(m) - 4*y(m). Let q be ((-50)/(-15))/(6/(-9)). Give n(q).
-12
Let h(d) = -2 + 112*d - 4 - 115*d. Calculate h(-5).
9
Suppose 4*r - 19 = -3*o - r, -3*r = -2*o - 19. Let m(z) be the third derivative of -z**6/120 - z**5/60 - z**4/12 - z**3/6 + 17*z**2. Calculate m(o).
7
Let j(y) = 3*y**3 - 11*y**2 - 16*y - 6. Let t(l) = 2*l**3 - 5*l**2 - 8*l - 3. Let i(h) = -3*j(h) + 5*t(h). What is i(-7)?
-4
Let b(s) = -s**3 + 6*s**2 - 5*s - 6. Suppose 0 = -2*w - 0 + 4. Let r = 3 + w. Suppose -4*p + 5*f = -0*f - 35, 0 = 3*p + r*f. Determine b(p).
-6
Let s(v) = -5*v + v - v + v**2 + 2. Give s(3).
-4
Let s(t) = -t**3 - 6*t**2 - 8*t + 7. Let i be s(-3). Suppose w = 6*w - 20. Suppose -w*f + i = -2*f. Let a(k) = -k**2 + k + 1. Determine a(f).
-1
Let g(k) = -k + 6. Let c be (-3 + (-33)/(-6))*2. Determine g(c).
1
Let b(d) = 5 + 3 + 3*d - 2. Determine b(-6).
-12
Let j(l) = 4*l**3 + 2*l**2 - l - 1. Let w(h) = -h**3 - h**2 + 1. Suppose 6*u - 2*u + 12 = 0. Let s(r) = u*w(r) - j(r). Determine s(0).
-2
Let b be 9/(-15) + 4/(-10). Let n = b - -3. Let y(g) = 2 + 1 + 2*g - 2. What is y(n)?
5
Let s(f) = -f + 3 - 8*f**2 - 5*f - 2 - f**3 + 0*f**3. Give s(-7).
-6
Let d be ((-48)/(-18))/(-4)*(6 - 0). Let g(y) = -6 + 2*y + 4 + 2*y + y**2. Calculate g(d).
-2
Let t(h) = -3*h - 8. Let g(x) = -x - 1. Let b(y) = 5*g(y) - t(y). Let k(m) = m**2 - 5*m + 1. Let w be k(4). Determine b(w).
9
Let n(x) be the first derivative of -x**2/2 + 6*x + 1. Let c(y) = y - 12. Let q be c(15). Give n(q).
3
Let n(g) = -g**2 + 8*g + 6. Let o be n(8). Suppose -a - 15 = -o*a. Let h(m) = 0 + 0*m - m**a + 2*m + m + 3. Give h(-2).
5
Let p(q) = 7*q - 1. Let b(n) = 6*n**3 - n**2 - n - 1. Let r be b(-1). Let c = r + 8. Determine p(c).
6
Let q(z) = z**2 - 7. Suppose -5*l = 0, 2*l = w - 1 - 0. Let k be 0/(2 + (w - 1)). Determine q(k).
-7
Let x = -17 - -24. Let b(i) = 7*i**3 + 15*i**2 + 13*i + 1. Let j(f) = -10*f**3 - 22*f**2 - 19*f - 1. Let t(c) = x*b(c) + 5*j(c). What is t(-4)?
2
Let j(v) = -v**3 + v**2 - v. Let c(d) = 7*d**3 - 14*d**2 - 2*d - 2. Let u(f) = -c(f) - 6*j(f). What is u(9)?
-7
Let v(w) = w**3 - 7*w**2 + 6*w + 2. Let y be v(6). Suppose -2*g + 4*g - 4 = 0. Let b(t) = t + g - t - 3*t. Give b(y).
-4
Let m = -172 - -170. Let x(l) = -l + 2. What is x(m)?
4
Let t(f) be the third derivative of -f**6/720 + f**5/24 - f**4/24 - 2*f**2. Let s(y) be the second derivative of t(y). What is s(0)?
5
Let q(t) = -6*t - 3. Suppose -5 = 3*p + 2*p. Let b(x) = -1. Let n(s) = p*q(s) + 4*b(s). Let h be (2/3)/((-8)/12). Determine n(h).
-7
Let b(w) = -w**3 - 2*w**2 + 2. Suppose -12*p = -7*p + 90. Let u = 16 + p. Give b(u).
2
Let m(j) = -10*j - 7. Let h(t) = 7*t + 5. Let u(s) = 7*h(s) + 5*m(s). Let d be (0 - 1) + -6 - -1. Let w(c) = -c - 6. Let y be w(d). Give u(y